{"id":8825,"date":"2023-06-14T14:15:13","date_gmt":"2023-06-14T12:15:13","guid":{"rendered":"https:\/\/www.cloudandheat.com\/?post_type=tribe_events&#038;p=8825"},"modified":"2023-06-14T14:22:15","modified_gmt":"2023-06-14T12:22:15","slug":"saxon-innovation-conference","status":"publish","type":"tribe_events","link":"https:\/\/www.cloudandheat.com\/en\/event\/saechsische-innovationskonferenz\/","title":{"rendered":"Saxon Innovation Conference"},"content":{"rendered":"<p>As futureSax alumni, you can find us as ambassadors for \"Innovation Made in Saxony\" in the exhibitor area at this year's Saxon Innovation Conference.<\/p>\n<p>We look forward to the exchange with you!<\/p>\n<p>Further information and how to register can be found directly at <a href=\"https:\/\/www.futuresax.de\/innovationskonferenz\">https:\/\/www.futuresax.de\/innovationskonferenz<\/a><\/p>","protected":false},"excerpt":{"rendered":"<p>As futureSax alumni, you can find us as ambassadors for \"Innovation Made in Saxony\" in the exhibitor area at this year's Saxon Innovation Conference.<\/p>","protected":false},"author":6,"featured_media":8829,"template":"","meta":{"_acf_changed":false,"_relevanssi_hide_post":"","_relevanssi_hide_content":"","_relevanssi_pin_for_all":"","_relevanssi_pin_keywords":"","_relevanssi_unpin_keywords":"","_relevanssi_related_keywords":"","_relevanssi_related_include_ids":"","_relevanssi_related_exclude_ids":"","_relevanssi_related_no_append":"","_relevanssi_related_not_related":"","_relevanssi_related_posts":"","_relevanssi_noindex_reason":"","inline_featured_image":false,"_tribe_events_status":"","_tribe_events_status_reason":"","footnotes":""},"tags":[],"tribe_events_cat":[],"class_list":["post-8825","tribe_events","type-tribe_events","status-publish","has-post-thumbnail","hentry"],"acf":[],"yoast_head":"<!-- This site is optimized with the Yoast SEO plugin v27.0 - https:\/\/yoast.com\/product\/yoast-seo-wordpress\/ -->\n<title>S\u00e4chsische Innovationskonferenz &#8211; Cloud &amp; Heat<\/title>\n<meta name=\"robots\" content=\"index, follow, max-snippet:-1, max-image-preview:large, max-video-preview:-1\" \/>\n<link rel=\"canonical\" href=\"https:\/\/www.cloudandheat.com\/en\/event\/saxon-innovation-conference\/\" \/>\n<meta property=\"og:locale\" content=\"en_GB\" \/>\n<meta property=\"og:type\" content=\"article\" \/>\n<meta property=\"og:title\" content=\"S\u00e4chsische Innovationskonferenz &#8211; Cloud &amp; Heat\" \/>\n<meta property=\"og:description\" content=\"Als futureSax-Alumni k\u00f6nnt ihr uns als Botschafter f\u00fcr \u201eInnovation Made in Saxony\u201c im Ausstellerbereich auf der diesj\u00e4hrigen S\u00e4chsischen Innovationskonferenz finden.\" \/>\n<meta property=\"og:url\" content=\"https:\/\/www.cloudandheat.com\/en\/event\/saxon-innovation-conference\/\" \/>\n<meta property=\"og:site_name\" content=\"Cloud &amp; Heat\" \/>\n<meta property=\"article:publisher\" content=\"https:\/\/www.facebook.com\/CloudandHeat\" \/>\n<meta property=\"article:modified_time\" content=\"2023-06-14T12:22:15+00:00\" \/>\n<meta property=\"og:image\" content=\"https:\/\/www.cloudandheat.com\/wp-content\/uploads\/2023\/06\/csm_Header_Landingpage_IK2023_f8bb3f86e3.jpg\" \/>\n\t<meta property=\"og:image:width\" content=\"1920\" \/>\n\t<meta property=\"og:image:height\" content=\"1080\" \/>\n\t<meta property=\"og:image:type\" content=\"image\/jpeg\" \/>\n<meta name=\"twitter:card\" content=\"summary_large_image\" \/>\n<meta name=\"twitter:site\" content=\"@cloudandheat\" \/>\n<script type=\"application\/ld+json\" class=\"yoast-schema-graph\">{\"@context\":\"https:\/\/schema.org\",\"@graph\":[{\"@type\":\"WebPage\",\"@id\":\"https:\/\/www.cloudandheat.com\/event\/saechsische-innovationskonferenz\/\",\"url\":\"https:\/\/www.cloudandheat.com\/event\/saechsische-innovationskonferenz\/\",\"name\":\"S\u00e4chsische Innovationskonferenz &#8211; Cloud &amp; Heat\",\"isPartOf\":{\"@id\":\"https:\/\/www.cloudandheat.com\/#website\"},\"primaryImageOfPage\":{\"@id\":\"https:\/\/www.cloudandheat.com\/event\/saechsische-innovationskonferenz\/#primaryimage\"},\"image\":{\"@id\":\"https:\/\/www.cloudandheat.com\/event\/saechsische-innovationskonferenz\/#primaryimage\"},\"thumbnailUrl\":\"https:\/\/www.cloudandheat.com\/wp-content\/uploads\/2023\/06\/csm_Header_Landingpage_IK2023_f8bb3f86e3.jpg\",\"datePublished\":\"2023-06-14T12:15:13+00:00\",\"dateModified\":\"2023-06-14T12:22:15+00:00\",\"breadcrumb\":{\"@id\":\"https:\/\/www.cloudandheat.com\/event\/saechsische-innovationskonferenz\/#breadcrumb\"},\"inLanguage\":\"en-GB\",\"potentialAction\":[{\"@type\":\"ReadAction\",\"target\":[\"https:\/\/www.cloudandheat.com\/event\/saechsische-innovationskonferenz\/\"]}]},{\"@type\":\"ImageObject\",\"inLanguage\":\"en-GB\",\"@id\":\"https:\/\/www.cloudandheat.com\/event\/saechsische-innovationskonferenz\/#primaryimage\",\"url\":\"https:\/\/www.cloudandheat.com\/wp-content\/uploads\/2023\/06\/csm_Header_Landingpage_IK2023_f8bb3f86e3.jpg\",\"contentUrl\":\"https:\/\/www.cloudandheat.com\/wp-content\/uploads\/2023\/06\/csm_Header_Landingpage_IK2023_f8bb3f86e3.jpg\",\"width\":1920,\"height\":1080,\"caption\":\"Saechsische Innovationskonferenz I 04.Juli 2023 I Messe Dresden I futureSax\"},{\"@type\":\"BreadcrumbList\",\"@id\":\"https:\/\/www.cloudandheat.com\/event\/saechsische-innovationskonferenz\/#breadcrumb\",\"itemListElement\":[{\"@type\":\"ListItem\",\"position\":1,\"name\":\"Startseite\",\"item\":\"https:\/\/www.cloudandheat.com\/\"},{\"@type\":\"ListItem\",\"position\":2,\"name\":\"Veranstaltungen\",\"item\":\"https:\/\/www.cloudandheat.com\/events\/\"},{\"@type\":\"ListItem\",\"position\":3,\"name\":\"S\u00e4chsische Innovationskonferenz\"}]},{\"@type\":\"WebSite\",\"@id\":\"https:\/\/www.cloudandheat.com\/#website\",\"url\":\"https:\/\/www.cloudandheat.com\/\",\"name\":\"Cloud & Heat Technolgies GmbH\",\"description\":\"Cloud-Service- und Cloud-Technologie-Provider\",\"publisher\":{\"@id\":\"https:\/\/www.cloudandheat.com\/#organization\"},\"alternateName\":\"Cloud and Heat Technologies GmbH\",\"potentialAction\":[{\"@type\":\"SearchAction\",\"target\":{\"@type\":\"EntryPoint\",\"urlTemplate\":\"https:\/\/www.cloudandheat.com\/?s={search_term_string}\"},\"query-input\":{\"@type\":\"PropertyValueSpecification\",\"valueRequired\":true,\"valueName\":\"search_term_string\"}}],\"inLanguage\":\"en-GB\"},{\"@type\":\"Organization\",\"@id\":\"https:\/\/www.cloudandheat.com\/#organization\",\"name\":\"Cloud&Heat Technologies GmbH\",\"url\":\"https:\/\/www.cloudandheat.com\/\",\"logo\":{\"@type\":\"ImageObject\",\"inLanguage\":\"en-GB\",\"@id\":\"https:\/\/www.cloudandheat.com\/#\/schema\/logo\/image\/\",\"url\":\"https:\/\/www.cloudandheat.com\/wp-content\/uploads\/2022\/08\/logo.svg\",\"contentUrl\":\"https:\/\/www.cloudandheat.com\/wp-content\/uploads\/2022\/08\/logo.svg\",\"width\":907,\"height\":1782,\"caption\":\"Cloud&Heat Technologies GmbH\"},\"image\":{\"@id\":\"https:\/\/www.cloudandheat.com\/#\/schema\/logo\/image\/\"},\"sameAs\":[\"https:\/\/www.facebook.com\/CloudandHeat\",\"https:\/\/x.com\/cloudandheat\"]}]}<\/script>\n<!-- \/ Yoast SEO plugin. -->","yoast_head_json":{"title":"Saxon Innovation Conference - Cloud &amp; Heat","robots":{"index":"index","follow":"follow","max-snippet":"max-snippet:-1","max-image-preview":"max-image-preview:large","max-video-preview":"max-video-preview:-1"},"canonical":"https:\/\/www.cloudandheat.com\/en\/event\/saxon-innovation-conference\/","og_locale":"en_GB","og_type":"article","og_title":"S\u00e4chsische Innovationskonferenz &#8211; Cloud &amp; Heat","og_description":"Als futureSax-Alumni k\u00f6nnt ihr uns als Botschafter f\u00fcr \u201eInnovation Made in Saxony\u201c im Ausstellerbereich auf der diesj\u00e4hrigen S\u00e4chsischen Innovationskonferenz finden.","og_url":"https:\/\/www.cloudandheat.com\/en\/event\/saxon-innovation-conference\/","og_site_name":"Cloud &amp; Heat","article_publisher":"https:\/\/www.facebook.com\/CloudandHeat","article_modified_time":"2023-06-14T12:22:15+00:00","og_image":[{"width":1920,"height":1080,"url":"https:\/\/www.cloudandheat.com\/wp-content\/uploads\/2023\/06\/csm_Header_Landingpage_IK2023_f8bb3f86e3.jpg","type":"image\/jpeg"}],"twitter_card":"summary_large_image","twitter_site":"@cloudandheat","schema":{"@context":"https:\/\/schema.org","@graph":[{"@type":"WebPage","@id":"https:\/\/www.cloudandheat.com\/event\/saechsische-innovationskonferenz\/","url":"https:\/\/www.cloudandheat.com\/event\/saechsische-innovationskonferenz\/","name":"Saxon Innovation Conference - Cloud &amp; Heat","isPartOf":{"@id":"https:\/\/www.cloudandheat.com\/#website"},"primaryImageOfPage":{"@id":"https:\/\/www.cloudandheat.com\/event\/saechsische-innovationskonferenz\/#primaryimage"},"image":{"@id":"https:\/\/www.cloudandheat.com\/event\/saechsische-innovationskonferenz\/#primaryimage"},"thumbnailUrl":"https:\/\/www.cloudandheat.com\/wp-content\/uploads\/2023\/06\/csm_Header_Landingpage_IK2023_f8bb3f86e3.jpg","datePublished":"2023-06-14T12:15:13+00:00","dateModified":"2023-06-14T12:22:15+00:00","breadcrumb":{"@id":"https:\/\/www.cloudandheat.com\/event\/saechsische-innovationskonferenz\/#breadcrumb"},"inLanguage":"en-GB","potentialAction":[{"@type":"ReadAction","target":["https:\/\/www.cloudandheat.com\/event\/saechsische-innovationskonferenz\/"]}]},{"@type":"ImageObject","inLanguage":"en-GB","@id":"https:\/\/www.cloudandheat.com\/event\/saechsische-innovationskonferenz\/#primaryimage","url":"https:\/\/www.cloudandheat.com\/wp-content\/uploads\/2023\/06\/csm_Header_Landingpage_IK2023_f8bb3f86e3.jpg","contentUrl":"https:\/\/www.cloudandheat.com\/wp-content\/uploads\/2023\/06\/csm_Header_Landingpage_IK2023_f8bb3f86e3.jpg","width":1920,"height":1080,"caption":"Saechsische Innovationskonferenz I 04.Juli 2023 I Messe Dresden I futureSax"},{"@type":"BreadcrumbList","@id":"https:\/\/www.cloudandheat.com\/event\/saechsische-innovationskonferenz\/#breadcrumb","itemListElement":[{"@type":"ListItem","position":1,"name":"Startseite","item":"https:\/\/www.cloudandheat.com\/"},{"@type":"ListItem","position":2,"name":"Veranstaltungen","item":"https:\/\/www.cloudandheat.com\/events\/"},{"@type":"ListItem","position":3,"name":"S\u00e4chsische Innovationskonferenz"}]},{"@type":"WebSite","@id":"https:\/\/www.cloudandheat.com\/#website","url":"https:\/\/www.cloudandheat.com\/","name":"Cloud &amp; Heat Technolgies GmbH","description":"Cloud service and cloud technology providers","publisher":{"@id":"https:\/\/www.cloudandheat.com\/#organization"},"alternateName":"Cloud and Heat Technologies GmbH","potentialAction":[{"@type":"SearchAction","target":{"@type":"EntryPoint","urlTemplate":"https:\/\/www.cloudandheat.com\/?s={search_term_string}"},"query-input":{"@type":"PropertyValueSpecification","valueRequired":true,"valueName":"search_term_string"}}],"inLanguage":"en-GB"},{"@type":"Organization","@id":"https:\/\/www.cloudandheat.com\/#organization","name":"Cloud&amp;Heat Technologies GmbH","url":"https:\/\/www.cloudandheat.com\/","logo":{"@type":"ImageObject","inLanguage":"en-GB","@id":"https:\/\/www.cloudandheat.com\/#\/schema\/logo\/image\/","url":"https:\/\/www.cloudandheat.com\/wp-content\/uploads\/2022\/08\/logo.svg","contentUrl":"https:\/\/www.cloudandheat.com\/wp-content\/uploads\/2022\/08\/logo.svg","width":907,"height":1782,"caption":"Cloud&Heat Technologies GmbH"},"image":{"@id":"https:\/\/www.cloudandheat.com\/#\/schema\/logo\/image\/"},"sameAs":["https:\/\/www.facebook.com\/CloudandHeat","https:\/\/x.com\/cloudandheat"]}]}},"_links":{"self":[{"href":"https:\/\/www.cloudandheat.com\/en\/wp-json\/wp\/v2\/tribe_events\/8825","targetHints":{"allow":["GET"]}}],"collection":[{"href":"https:\/\/www.cloudandheat.com\/en\/wp-json\/wp\/v2\/tribe_events"}],"about":[{"href":"https:\/\/www.cloudandheat.com\/en\/wp-json\/wp\/v2\/types\/tribe_events"}],"author":[{"embeddable":true,"href":"https:\/\/www.cloudandheat.com\/en\/wp-json\/wp\/v2\/users\/6"}],"version-history":[{"count":0,"href":"https:\/\/www.cloudandheat.com\/en\/wp-json\/wp\/v2\/tribe_events\/8825\/revisions"}],"wp:featuredmedia":[{"embeddable":true,"href":"https:\/\/www.cloudandheat.com\/en\/wp-json\/wp\/v2\/media\/8829"}],"wp:attachment":[{"href":"https:\/\/www.cloudandheat.com\/en\/wp-json\/wp\/v2\/media?parent=8825"}],"wp:term":[{"taxonomy":"post_tag","embeddable":true,"href":"https:\/\/www.cloudandheat.com\/en\/wp-json\/wp\/v2\/tags?post=8825"},{"taxonomy":"tribe_events_cat","embeddable":true,"href":"https:\/\/www.cloudandheat.com\/en\/wp-json\/wp\/v2\/tribe_events_cat?post=8825"}],"curies":[{"name":"wp","href":"https:\/\/api.w.org\/{rel}","templated":true}]}}

<!-- This site is optimized with the Yoast SEO plugin v27.0 - https://yoast.com/product/yoast-seo-wordpress/ -->
<title>Sächsische Innovationskonferenz &#8211; Cloud &amp; Heat</title>
<meta name="robots" content="index, follow, max-snippet:-1, max-image-preview:large, max-video-preview:-1" />
<link rel="canonical" href="https://www.cloudandheat.com/en/event/saxon-innovation-conference/" />
<meta property="og:locale" content="en_GB" />
<meta property="og:type" content="article" />
<meta property="og:title" content="Sächsische Innovationskonferenz &#8211; Cloud &amp; Heat" />
<meta property="og:description" content="Als futureSax-Alumni könnt ihr uns als Botschafter für „Innovation Made in Saxony“ im Ausstellerbereich auf der diesjährigen Sächsischen Innovationskonferenz finden." />
<meta property="og:url" content="https://www.cloudandheat.com/en/event/saxon-innovation-conference/" />
<meta property="og:site_name" content="Cloud &amp; Heat" />
<meta property="article:publisher" content="https://www.facebook.com/CloudandHeat" />
<meta property="article:modified_time" content="2023-06-14T12:22:15+00:00" />
<meta property="og:image" content="https://www.cloudandheat.com/wp-content/uploads/2023/06/csm_Header_Landingpage_IK2023_f8bb3f86e3.jpg" />
	<meta property="og:image:width" content="1920" />
	<meta property="og:image:height" content="1080" />
	<meta property="og:image:type" content="image/jpeg" />
<meta name="twitter:card" content="summary_large_image" />
<meta name="twitter:site" content="@cloudandheat" />
<script type="application/ld+json" class="yoast-schema-graph">{"@context":"https://schema.org","@graph":[{"@type":"WebPage","@id":"https://www.cloudandheat.com/event/saechsische-innovationskonferenz/","url":"https://www.cloudandheat.com/event/saechsische-innovationskonferenz/","name":"Sächsische Innovationskonferenz &#8211; Cloud &amp; Heat","isPartOf":{"@id":"https://www.cloudandheat.com/#website"},"primaryImageOfPage":{"@id":"https://www.cloudandheat.com/event/saechsische-innovationskonferenz/#primaryimage"},"image":{"@id":"https://www.cloudandheat.com/event/saechsische-innovationskonferenz/#primaryimage"},"thumbnailUrl":"https://www.cloudandheat.com/wp-content/uploads/2023/06/csm_Header_Landingpage_IK2023_f8bb3f86e3.jpg","datePublished":"2023-06-14T12:15:13+00:00","dateModified":"2023-06-14T12:22:15+00:00","breadcrumb":{"@id":"https://www.cloudandheat.com/event/saechsische-innovationskonferenz/#breadcrumb"},"inLanguage":"en-GB","potentialAction":[{"@type":"ReadAction","target":["https://www.cloudandheat.com/event/saechsische-innovationskonferenz/"]}]},{"@type":"ImageObject","inLanguage":"en-GB","@id":"https://www.cloudandheat.com/event/saechsische-innovationskonferenz/#primaryimage","url":"https://www.cloudandheat.com/wp-content/uploads/2023/06/csm_Header_Landingpage_IK2023_f8bb3f86e3.jpg","contentUrl":"https://www.cloudandheat.com/wp-content/uploads/2023/06/csm_Header_Landingpage_IK2023_f8bb3f86e3.jpg","width":1920,"height":1080,"caption":"Saechsische Innovationskonferenz I 04.Juli 2023 I Messe Dresden I futureSax"},{"@type":"BreadcrumbList","@id":"https://www.cloudandheat.com/event/saechsische-innovationskonferenz/#breadcrumb","itemListElement":[{"@type":"ListItem","position":1,"name":"Startseite","item":"https://www.cloudandheat.com/"},{"@type":"ListItem","position":2,"name":"Veranstaltungen","item":"https://www.cloudandheat.com/events/"},{"@type":"ListItem","position":3,"name":"Sächsische Innovationskonferenz"}]},{"@type":"WebSite","@id":"https://www.cloudandheat.com/#website","url":"https://www.cloudandheat.com/","name":"Cloud & Heat Technolgies GmbH","description":"Cloud-Service- und Cloud-Technologie-Provider","publisher":{"@id":"https://www.cloudandheat.com/#organization"},"alternateName":"Cloud and Heat Technologies GmbH","potentialAction":[{"@type":"SearchAction","target":{"@type":"EntryPoint","urlTemplate":"https://www.cloudandheat.com/?s={search_term_string}"},"query-input":{"@type":"PropertyValueSpecification","valueRequired":true,"valueName":"search_term_string"}}],"inLanguage":"en-GB"},{"@type":"Organization","@id":"https://www.cloudandheat.com/#organization","name":"Cloud&Heat Technologies GmbH","url":"https://www.cloudandheat.com/","logo":{"@type":"ImageObject","inLanguage":"en-GB","@id":"https://www.cloudandheat.com/#/schema/logo/image/","url":"https://www.cloudandheat.com/wp-content/uploads/2022/08/logo.svg","contentUrl":"https://www.cloudandheat.com/wp-content/uploads/2022/08/logo.svg","width":907,"height":1782,"caption":"Cloud&Heat Technologies GmbH"},"image":{"@id":"https://www.cloudandheat.com/#/schema/logo/image/"},"sameAs":["https://www.facebook.com/CloudandHeat","https://x.com/cloudandheat"]}]}</script>
<!-- / Yoast SEO plugin. -->

Sächsische Innovationskonferenz &#8211; Cloud &amp; Heat

Als futureSax-Alumni könnt ihr uns als Botschafter für „Innovation Made in Saxony“ im Ausstellerbereich auf der diesjährigen Sächsischen Innovationskonferenz finden.

Sächsische Innovationskonferenz
